te w(u).
2
Let t(b) = b + 14. Suppose -104 - 36 = -14*y. What is t(y)?
24
Suppose -b - 4*z = -14, -4*z + 20 = -0*b + 4*b. Let h = 401 - 399. Let i(t) = 1 - h*t - 5*t**b + 5*t - t. Give i(-1).
-6
Let r(v) = -10*v - 39. Let t be r(-8). Let y = -45 + t. Let l(j) be the third derivative of j**6/120 + j**5/20 - j**4/6 + j**3/3 + 5*j**2. Determine l(y).
2
Suppose -169 = -3*w + 3*y + y, -277 = -5*w + 2*y. Suppose -25 = 4*l + w. Let v = 26 + l. Let o(p) = p**3 - 5*p**2 - 4*p - 8. Determine o(v).
4
Let a(m) = m**3 + 4*m**2 - m - 4. Let s be a(-3). Let j(t) = 67*t + 605. Let k be j(-9). Let i(r) = 12*r - s*r - k*r. Give i(-2).
-4
Let l(b) = b**3 + 2*b**2 + b + 1. Let j(q) = 4*q**3 + 13*q**2 - 5*q + 7. Let s(z) = j(z) - 3*l(z). Suppose -20 = 3*h - 2*o, 0*h - 22 = 3*h - o. Give s(h).
4
Let x(p) be the second derivative of -p**5/20 - 2*p**4/3 - 3*p**3 - 7*p**2 + 275*p. Give x(-4).
-6
Let v(x) = -18 - 13 - 33 - 38 - 18*x. Calculate v(-6).
6
Let o(f) = -f**2 + 61*f + 697. Let y be o(71). Let r(q) = q**3 + 12*q**2 - 15*q - 2. Give r(y).
24
Let l be 522/(-102) - (-28)/238. Let j(a) = 9*a**2 + 7*a - 8*a**2 + 4 - 3 + 3. Give j(l).
-6
Let m(a) = -691 - 12*a**2 - a - a + 690 - 2*a**2. Let o(z) = z**3 + 3*z**2 - 2*z - 3. Let p be o(-2). Suppose -10*n = -p*n + 5. Give m(n).
-13
Suppose 5*v = 4*i - 33, 5*v + 5*i = -25 + 10. Let t(l) = -3*l**2 - 12*l + 16. Calculate t(v).
1
Let z(b) = 15*b - 76. Let p(n) = 30*n - 169. Let o(c) = -8*p(c) + 18*z(c). Calculate o(5).
134
Let g(d) = 5*d**2 - 36*d - 3. Let t(z) = 21*z**2 - 161*z - 13. Let n(q) = 9*g(q) - 2*t(q). Calculate n(-2).
15
Let f(a) = a**3 - 9*a**2 + 6*a + 17. Let u be f(8). Let i(z) = 5*z**2 + u - 19*z + z**2 - 6*z**2 + 6*z**3 + 21*z. Let j be -1*(1/1 + 0). Give i(j).
-7
Let v(w) be the third derivative of 0*w + 1/60*w**5 + 3 + 0*w**4 - 1/24*w**6 - 1/6*w**3 + 11*w**2. Determine v(1).
-5
Let a(d) = d**2 + 2*d + 1. Let v(c) = -c**3 + 6*c**2 + 8*c - 1. Let t be v(7). Suppose 11*j + 80 = t*j. Let w be 6/9*(-12)/j*-2. Calculate a(w).
0
Let j be 1/(5/35) - -4. Let s(p) = -5*p + 47. Give s(j).
-8
Let g(n) = -n - 22. Suppose 398*i + 5317 = -11*i. What is g(i)?
-9
Suppose 4*u + 6*u + 70 = 0. Let r(h) = 32*h - 9. Let q(m) = 14*m - 4. Let y(f) = -9*q(f) + 4*r(f). What is y(u)?
-14
Let k = -476 - -480. Suppose -d = -0 - k. Let r(m) = -m**2 - 4 - 2 + 0*m + 7*m. What is r(d)?
6
Let r(a) = 7*a - 4*a - 10 + 0*a. Let m(l) = 3*l - 8. Let b(t) = -3*m(t) + 2*r(t). Give b(10).
-26
Let w = -17 + 26. Suppose -w*m + 40 = -32. Let q(n) = -n**3 + 7*n**2 + 8*n + 2. What is q(m)?
2
Suppose -3*i = -i. Suppose i*f = -2*f + 136. Let m = f + -76. Let o(z) = -z - 6. What is o(m)?
2
Let r(h) = h**3 + 6*h**2 - 6. Suppose -o = 6*v - 8*v + 340, -v + 1015 = -3*o. Let d = o + 332. Determine r(d).
-6
Let v = 8 + -17. Let b(d) = 55*d + 35*d + 98*d**2 + d**3 - 80*d - 88*d**2 + 5. What is b(v)?
-4
Let p(b) = -4 + 29082*b**2 - 22*b - 58173*b**2 + 29089*b**2. What is p(-11)?
-4
Let a be -5 + 4 + 1*(5 - 7). Let d(w) = 4*w**2 - w - 7. Let p(b) = b**2 - b - 1. Let t(z) = d(z) - 3*p(z). Determine t(a).
-1
Suppose 46*p - 9*p = -296. Let b be (-15)/(-60)*p*1/(-2). Let d(i) = 14*i**2 - i. Determine d(b).
13
Let b(l) = 3*l**2 - 17*l + 5. Suppose 25 = 10*n - 32 + 7. Determine b(n).
-5
Suppose 6*i - 60 = -48. Let n(t) = -16*t**3 - 11*t**3 - t**i + 4 + 26*t**3. What is n(0)?
4
Let n = 11861 - -20940. Let l(d) = -n - 3*d + 2*d + 32811. Calculate l(12).
-2
Let x = -33822 + 33826. Let k(w) = -10*w**2 + 5*w + 9. Let q(p) = 7*p**2 - 3*p - 6. Let t(d) = -5*k(d) - 7*q(d). What is t(x)?
-3
Let v(x) = -16*x + 31. Suppose -24*y + 41*y - 5 - 29 = 0. Calculate v(y).
-1
Let k(g) = -39*g**3 - 18*g**2 + 7*g + 79. Let i(x) = -19*x**3 - 10*x**2 + 4*x + 45. Let b(o) = -7*i(o) + 4*k(o). Calculate b(1).
-24
Let o(b) = 4*b - 18. Let j be o(5). Let x(s) be the first derivative of -2*s**3/3 + s**2 + 2*s - 302. Determine x(j).
-2
Let t(i) = i**3 + 2 - 8*i + 40*i**2 + 4*i - 36*i**2 - 2. Let s = -52 - -77. Suppose 0 = -3*z - 3*g - 2*g - s, -3 = z - g. Give t(z).
-5
Let g(u) = 2*u**2 - 10. Let d(o) = 1. Let i(a) = -3*d(a) + g(a). Let x be i(-3). Let f(p) = -3 - 69*p + 133*p - 65*p + 13. What is f(x)?
5
Let w be ((-58576)/6276)/(7/(-3)). Let h(j) = 4*j**2 - 1 + 1 + 3 - 2*j - j**3. Determine h(w).
-5
Let c = -4814 + 4797. Let v(q) = q**2 + 13*q - 58. What is v(c)?
10
Let j(v) = 149*v - 298. Suppose -220*m = 736 - 1176. Determine j(m).
0
Let g(j) = j**3 + 39*j**2 - 40*j - 27. Suppose 2*a = 4*h + 172, 126 = -3*h - 17*a + 18*a. What is g(h)?
-27
Let u(v) = -17*v**2 + 124*v - 23. Let d(g) = 6*g**2 - 41*g + 8. Let y(c) = -11*d(c) - 4*u(c). Let m be y(21). Let t = m - -63. Let i(a) = -a - 2. What is i(t)?
-6
Let v(n) = n - 10. Suppose 25*x - 54 - 71 = 0. Suppose -x*b = -4*u - 68 - 16, 5*b = -3*u + 77. Calculate v(b).
6
Let i(a) = a**2 - 3*a - 41. Suppose 605 = 8*n + 219*n - 530. Calculate i(n).
-31
Suppose -235 - 1053 = -28*a. Let q(u) = -50*u**3 - a*u**3 + 2*u - 1 + 5*u**2 + 95*u**3 - 2*u**2. Give q(4).
-9
Let u(s) be the third derivative of 5*s**4/24 - 137*s**3/6 + 63*s**2 - 8*s. Calculate u(27).
-2
Let i(t) be the third derivative of -t**5/60 + t**4/8 - t**3 - 8781*t**2. Let k = -1 + 6. Determine i(k).
-16
Let d(n) = -n**2 + 11*n - 23. Let k = -4375 - -4381. Calculate d(k).
7
Let k(x) = -2*x**2 - 7*x - 25. Let d(u) = -60*u - 54*u - 5 + 162*u - 51*u - u**2 - 8. Let t(a) = 9*d(a) - 4*k(a). What is t(0)?
-17
Let d(u) = -u**3 - 6*u**2 + 3*u + 2. Let f be -38*(-5)/(-5) + 2. Let g = f + 31. What is d(g)?
-38
Let a(u) = -8*u**3 + 56*u**2 + u + 12. Let h(q) = -9*q**3 + 64*q**2 + q + 14. Let c(z) = 17*a(z) - 15*h(z). Calculate c(-6).
-90
Let w(d) = -5*d**3 + 1 + 6*d**3 - 2*d**3 + 7*d - 8*d**2 - 2*d**3. Let v(a) = a**3 + 3*a**2 - 3*a. Let c(k) = 5*v(k) + 2*w(k). What is c(-2)?
8
Let d(p) = -181 - 8*p + 238 - 162 - 79. Give d(-22).
-8
Let s(z) = 71384 - 6*z - 35693 - 35686. Give s(4).
-19
Let p(o) = -558*o**2 - 5*o**3 - 2*o**3 - 8 + 551*o**2 + 4*o + 6*o**3. Give p(-6).
-68
Let z be 16/20 - (-1)/5. Let x be 4/(-8)*(z - -7). Let a be 1 - -2*(-6)/x. Let g(n) = n**3 - 3*n**2 - n - 3. What is g(a)?
9
Let x(g) = 1. Let r(q) = 12*q - 4 + 7 - 18*q + 9*q + 0*q. Let u(j) = -r(j) + 2*x(j). Give u(1).
-4
Let o(c) = c**2 + 9*c - 12. Let n = 95 - 62. Suppose -n - 14 = -r. Suppose 0 = -7*m - r - 23. Determine o(m).
-2
Let t(g) = -g + 6. Let m be 1 + (-4)/(-4) - -28. Let o(z) = -26 - 25*z + 49*z - m*z. Let s be o(-6). Determine t(s).
-4
Let s(g) be the first derivative of -g**4/4 - 16*g**3/3 - 6*g**2 + 3*g - 5057. Calculate s(-15).
-42
Let f(o) = -o + 32. Let w be f(4). Suppose -h = w*n - 27*n - 1, -5*h + 37 = -3*n. Let c(x) = -2*x**2 + 5*x. Give c(h).
-25
Let x(k) be the third derivative of k**5/30 - 3*k**4/8 + k**3/2 + k**2. Let m(c) = -2*c**2 - 8*c - 12. Let f be m(6). Let t be 5/(-1)*f/110. Calculate x(t).
21
Let w(i) = 1749*i + 3504. Let y be w(-2). Let c(d) be the third derivative of 0 + 0*d - 1/24*d**4 - 41*d**2 - 1/120*d**y + 1/10*d**5 + 1/6*d**3. Calculate c(6).
-5
Let x(t) = t**3 - 8*t**2 + 7. Let u(i) = -i**3 + 10*i**2 - 15*i - 20. Let g be u(7). Suppose -g*v = 8*v - 240. What is x(v)?
7
Suppose 0 = -13*n - 12712 + 12855. Let m(t) = t**3 - 10*t**2 - 5*t - 15. Calculate m(n).
51
Let m(b) be the third derivative of b**5/15 + 5*b**4/24 - 3*b**3/2 + b**2 + 1528*b. Determine m(2).
17
Suppose 2*c + 11 = 2*r - 83, -2*c = -3*r + 141. Let p(d) = d - 39 + 0*d + r. What is p(7)?
15
Suppose 0 = 2*o - 18 + 14. Let k(w) = -3*w**2 + 2*w**2 - 126 + 125 + o*w. Determine k(2).
-1
Let c be (-2)/6 - (105/(-175) + (-464)/60). Let y(v) be the first derivative of 1/4*v**4 + 0*v**3 - 1/2*v**2 + c - 2*v. Give y(2).
4
Let i = -4260 + 4269. Let b(q) = q**3 - 10*q**2 + 9*q + 3. What is b(i)?
3
Let y(x) = -1 + 3 - 8 + 3 - 10*x + x. Let i be (1 - -5)*7/(-14). Calculate y(i).
24
Let y(v) = -12*v. Let f(r) = 62*r + 17. Let h(c) = f(c) + 6*y(c). What is h(2)?
-3
Let o(v) = 66*v + 58. Let i(k) = -27*k - 27. Let q(h) = -5*i(h) - 2*o(h). What is q(-8)?
-5
Let n(v) = -8*v + 127. Let h(g) = 58*g - 930. Let a(p) = -6*h(p) - 44*n(p). Determine a(1).
-4
Let i = -4998 + 4968. Let d(x) = -11*x - 326. What is d(i)?
4
Let k(r) = -17*r**2 - 3*r + 2. Let t be 7*(0 + (-12)/(-42)) + (-2 - -1). Determine k(t).
-18
Suppose 67*v - 44*v - 31 = -284. Let u(c) = c**